{"id":10202,"date":"2021-11-08T22:07:39","date_gmt":"2021-11-08T20:07:40","guid":{"rendered":"https:\/\/lapoderosagoods.com\/?post_type=product&#038;p=10202"},"modified":"2022-01-17T10:27:44","modified_gmt":"2022-01-17T08:27:44","slug":"porta-bagage-noir-pour-yamaha-tenere-700","status":"publish","type":"product","link":"https:\/\/lapoderosagoods.com\/fr\/produit\/porta-bagage-noir-pour-yamaha-tenere-700\/","title":{"rendered":"Porta bagage  noir pour Yamaha Tenere 700"},"content":{"rendered":"<p>Cadre en acier au fini noir satin\u00e9 pour s&rsquo;adapter aux bagages.<\/p>\n<p>Pi\u00e8ce con\u00e7ue pour \u00eatre plac\u00e9e dans le cadre arri\u00e8re de tout mod\u00e8le Yamaha Tenere700*.<\/p>\n<p>Finition de rev\u00eatement en poudre de haute qualit\u00e9 en noir satin\u00e9<\/p>\n<p>Simple et minimal, parfait m\u00eame sans bagages.<\/p>\n<p>Structure tr\u00e8s solide pour des charges jusqu&rsquo;\u00e0 8kg.<\/p>\n<p>Robuste et l\u00e9ger \u00e9galement, avec un poids total inf\u00e9rieur \u00e0 2 kg.<\/p>\n<p>* Compatible avec les mod\u00e8les suivants :<\/p>\n<p>T\u00e9n\u00e9r\u00e9 700<\/p>\n<p>Rallye du T\u00e9n\u00e9r\u00e9 70<\/p>\n","protected":false},"excerpt":{"rendered":"<p>Cadre en acier au fini noir satin\u00e9 pour s&rsquo;adapter aux bagages. Pi\u00e8ce con\u00e7ue pour \u00eatre plac\u00e9e dans le cadre arri\u00e8re de tout mod\u00e8le Yamaha Tenere700*. Finition de rev\u00eatement en poudre de haute qualit\u00e9 en noir satin\u00e9 Simple et minimal, parfait m\u00eame sans bagages. Structure tr\u00e8s solide pour des charges jusqu&rsquo;\u00e0 8kg. Robuste et l\u00e9ger \u00e9galement, [&#8230;]\n","protected":false},"featured_media":10567,"comment_status":"closed","ping_status":"closed","template":"","meta":{"spay_email":""},"product_cat":[539,740],"product_tag":[503,500],"yoast_head":"<!-- This site is optimized with the Yoast SEO plugin v16.8 - https:\/\/yoast.com\/wordpress\/plugins\/seo\/ -->\n<title>Porta bagage noir pour Yamaha Tenere 700 - La Poderosa Goods - Sacoches de selle, bagages et accessoires de moto haut de gamme<\/title>\n<meta name=\"robots\" content=\"index, follow, max-snippet:-1, max-image-preview:large, max-video-preview:-1\" \/>\n<link rel=\"canonical\" href=\"https:\/\/lapoderosagoods.com\/fr\/produit\/porta-equipajes-trasero-yamaha-tenere-700-negro-satinado\/\" \/>\n<meta property=\"og:locale\" content=\"fr_FR\" \/>\n<meta property=\"og:type\" content=\"article\" \/>\n<meta property=\"og:title\" content=\"Porta bagage noir pour Yamaha Tenere 700 - La Poderosa Goods - Sacoches de selle, bagages et accessoires de moto haut de gamme\" \/>\n<meta property=\"og:description\" content=\"Cadre en acier au fini noir satin\u00e9 pour s&rsquo;adapter aux bagages. Pi\u00e8ce con\u00e7ue pour \u00eatre plac\u00e9e dans le cadre arri\u00e8re de tout mod\u00e8le Yamaha Tenere700*. Finition de rev\u00eatement en poudre de haute qualit\u00e9 en noir satin\u00e9 Simple et minimal, parfait m\u00eame sans bagages. Structure tr\u00e8s solide pour des charges jusqu&rsquo;\u00e0 8kg. Robuste et l\u00e9ger \u00e9galement, [...]\" \/>\n<meta property=\"og:url\" content=\"https:\/\/lapoderosagoods.com\/produit\/porta-equipajes-trasero-yamaha-tenere-700-negro-satinado\/\" \/>\n<meta property=\"og:site_name\" content=\"La Poderosa Goods - Sacoches de selle, bagages et accessoires de moto haut de gamme\" \/>\n<meta property=\"article:modified_time\" content=\"2022-01-17T08:27:44+00:00\" \/>\n<meta property=\"og:image\" content=\"https:\/\/lapoderosagoods.com\/wp-content\/uploads\/2021\/11\/tenere700-rear-carrier-japan-lateral-view--scaled.jpg\" \/>\n\t<meta property=\"og:image:width\" content=\"2560\" \/>\n\t<meta property=\"og:image:height\" content=\"2560\" \/>\n<meta name=\"twitter:card\" content=\"summary_large_image\" \/>\n<script type=\"application\/ld+json\" class=\"yoast-schema-graph\">{\"@context\":\"https:\/\/schema.org\",\"@graph\":[{\"@type\":\"Organization\",\"@id\":\"https:\/\/lapoderosagoods.com\/#organization\",\"name\":\"La Poderosa Classic Goods\",\"url\":\"https:\/\/lapoderosagoods.com\/\",\"sameAs\":[],\"logo\":{\"@type\":\"ImageObject\",\"@id\":\"https:\/\/lapoderosagoods.com\/#logo\",\"inLanguage\":\"fr-FR\",\"url\":\"https:\/\/lapoderosagoods.com\/wp-content\/uploads\/2019\/10\/poderosa.png\",\"contentUrl\":\"https:\/\/lapoderosagoods.com\/wp-content\/uploads\/2019\/10\/poderosa.png\",\"width\":290,\"height\":209,\"caption\":\"La Poderosa Classic Goods\"},\"image\":{\"@id\":\"https:\/\/lapoderosagoods.com\/#logo\"}},{\"@type\":\"WebSite\",\"@id\":\"https:\/\/lapoderosagoods.com\/#website\",\"url\":\"https:\/\/lapoderosagoods.com\/\",\"name\":\"La Poderosa Goods - Sacoches de selle, bagages et accessoires de moto haut de gamme\",\"description\":\"Bagages, supports, sacoches et accessoires pour les motos classiques, caf\\u00e9 racer ou d'aventure. \",\"publisher\":{\"@id\":\"https:\/\/lapoderosagoods.com\/#organization\"},\"potentialAction\":[{\"@type\":\"SearchAction\",\"target\":{\"@type\":\"EntryPoint\",\"urlTemplate\":\"https:\/\/lapoderosagoods.com\/?s={search_term_string}\"},\"query-input\":\"required name=search_term_string\"}],\"inLanguage\":\"fr-FR\"},{\"@type\":\"ImageObject\",\"@id\":\"https:\/\/lapoderosagoods.com\/produit\/porta-equipajes-trasero-yamaha-tenere-700-negro-satinado\/#primaryimage\",\"inLanguage\":\"fr-FR\",\"url\":\"https:\/\/lapoderosagoods.com\/wp-content\/uploads\/2021\/11\/tenere700-rear-carrier-japan-lateral-view--scaled.jpg\",\"contentUrl\":\"https:\/\/lapoderosagoods.com\/wp-content\/uploads\/2021\/11\/tenere700-rear-carrier-japan-lateral-view--scaled.jpg\",\"width\":2560,\"height\":2560},{\"@type\":\"WebPage\",\"@id\":\"https:\/\/lapoderosagoods.com\/produit\/porta-equipajes-trasero-yamaha-tenere-700-negro-satinado\/#webpage\",\"url\":\"https:\/\/lapoderosagoods.com\/produit\/porta-equipajes-trasero-yamaha-tenere-700-negro-satinado\/\",\"name\":\"Porta bagage noir pour Yamaha Tenere 700 - La Poderosa Goods - Sacoches de selle, bagages et accessoires de moto haut de gamme\",\"isPartOf\":{\"@id\":\"https:\/\/lapoderosagoods.com\/#website\"},\"primaryImageOfPage\":{\"@id\":\"https:\/\/lapoderosagoods.com\/produit\/porta-equipajes-trasero-yamaha-tenere-700-negro-satinado\/#primaryimage\"},\"datePublished\":\"2021-11-08T20:07:40+00:00\",\"dateModified\":\"2022-01-17T08:27:44+00:00\",\"breadcrumb\":{\"@id\":\"https:\/\/lapoderosagoods.com\/produit\/porta-equipajes-trasero-yamaha-tenere-700-negro-satinado\/#breadcrumb\"},\"inLanguage\":\"fr-FR\",\"potentialAction\":[{\"@type\":\"ReadAction\",\"target\":[\"https:\/\/lapoderosagoods.com\/produit\/porta-equipajes-trasero-yamaha-tenere-700-negro-satinado\/\"]}]},{\"@type\":\"BreadcrumbList\",\"@id\":\"https:\/\/lapoderosagoods.com\/produit\/porta-equipajes-trasero-yamaha-tenere-700-negro-satinado\/#breadcrumb\",\"itemListElement\":[{\"@type\":\"ListItem\",\"position\":1,\"name\":\"Portada\",\"item\":\"https:\/\/lapoderosagoods.com\/\"},{\"@type\":\"ListItem\",\"position\":2,\"name\":\"Produits\",\"item\":\"https:\/\/lapoderosagoods.com\/fr\/produits\/\"},{\"@type\":\"ListItem\",\"position\":3,\"name\":\"Porta bagage noir pour Yamaha Tenere 700\"}]}]}<\/script>\n<!-- \/ Yoast SEO plugin. -->","yoast_head_json":{"title":"Porta bagage noir pour Yamaha Tenere 700 - La Poderosa Goods - Sacoches de selle, bagages et accessoires de moto haut de gamme","robots":{"index":"index","follow":"follow","max-snippet":"max-snippet:-1","max-image-preview":"max-image-preview:large","max-video-preview":"max-video-preview:-1"},"canonical":"https:\/\/lapoderosagoods.com\/fr\/produit\/porta-equipajes-trasero-yamaha-tenere-700-negro-satinado\/","og_locale":"fr_FR","og_type":"article","og_title":"Porta bagage noir pour Yamaha Tenere 700 - La Poderosa Goods - Sacoches de selle, bagages et accessoires de moto haut de gamme","og_description":"Cadre en acier au fini noir satin\u00e9 pour s&rsquo;adapter aux bagages. Pi\u00e8ce con\u00e7ue pour \u00eatre plac\u00e9e dans le cadre arri\u00e8re de tout mod\u00e8le Yamaha Tenere700*. Finition de rev\u00eatement en poudre de haute qualit\u00e9 en noir satin\u00e9 Simple et minimal, parfait m\u00eame sans bagages. Structure tr\u00e8s solide pour des charges jusqu&rsquo;\u00e0 8kg. Robuste et l\u00e9ger \u00e9galement, [...]","og_url":"https:\/\/lapoderosagoods.com\/produit\/porta-equipajes-trasero-yamaha-tenere-700-negro-satinado\/","og_site_name":"La Poderosa Goods - Sacoches de selle, bagages et accessoires de moto haut de gamme","article_modified_time":"2022-01-17T08:27:44+00:00","og_image":[{"width":2560,"height":2560,"url":"https:\/\/lapoderosagoods.com\/wp-content\/uploads\/2021\/11\/tenere700-rear-carrier-japan-lateral-view--scaled.jpg","path":"\/home\/spainmot\/lapoderosagoods\/wp-content\/uploads\/2021\/11\/tenere700-rear-carrier-japan-lateral-view--scaled.jpg","size":"full","id":10567,"alt":"","pixels":6553600,"type":"image\/jpeg"}],"twitter_card":"summary_large_image","schema":{"@context":"https:\/\/schema.org","@graph":[{"@type":"Organization","@id":"https:\/\/lapoderosagoods.com\/#organization","name":"La Poderosa Classic Goods","url":"https:\/\/lapoderosagoods.com\/","sameAs":[],"logo":{"@type":"ImageObject","@id":"https:\/\/lapoderosagoods.com\/#logo","inLanguage":"fr-FR","url":"https:\/\/lapoderosagoods.com\/wp-content\/uploads\/2019\/10\/poderosa.png","contentUrl":"https:\/\/lapoderosagoods.com\/wp-content\/uploads\/2019\/10\/poderosa.png","width":290,"height":209,"caption":"La Poderosa Classic Goods"},"image":{"@id":"https:\/\/lapoderosagoods.com\/#logo"}},{"@type":"WebSite","@id":"https:\/\/lapoderosagoods.com\/#website","url":"https:\/\/lapoderosagoods.com\/","name":"La Poderosa Goods - Sacoches de selle, bagages et accessoires de moto haut de gamme","description":"Bagages, supports, sacoches et accessoires pour les motos classiques, caf\u00e9 racer ou d'aventure. ","publisher":{"@id":"https:\/\/lapoderosagoods.com\/#organization"},"potentialAction":[{"@type":"SearchAction","target":{"@type":"EntryPoint","urlTemplate":"https:\/\/lapoderosagoods.com\/?s={search_term_string}"},"query-input":"required name=search_term_string"}],"inLanguage":"fr-FR"},{"@type":"ImageObject","@id":"https:\/\/lapoderosagoods.com\/produit\/porta-equipajes-trasero-yamaha-tenere-700-negro-satinado\/#primaryimage","inLanguage":"fr-FR","url":"https:\/\/lapoderosagoods.com\/wp-content\/uploads\/2021\/11\/tenere700-rear-carrier-japan-lateral-view--scaled.jpg","contentUrl":"https:\/\/lapoderosagoods.com\/wp-content\/uploads\/2021\/11\/tenere700-rear-carrier-japan-lateral-view--scaled.jpg","width":2560,"height":2560},{"@type":"WebPage","@id":"https:\/\/lapoderosagoods.com\/produit\/porta-equipajes-trasero-yamaha-tenere-700-negro-satinado\/#webpage","url":"https:\/\/lapoderosagoods.com\/produit\/porta-equipajes-trasero-yamaha-tenere-700-negro-satinado\/","name":"Porta bagage noir pour Yamaha Tenere 700 - La Poderosa Goods - Sacoches de selle, bagages et accessoires de moto haut de gamme","isPartOf":{"@id":"https:\/\/lapoderosagoods.com\/#website"},"primaryImageOfPage":{"@id":"https:\/\/lapoderosagoods.com\/produit\/porta-equipajes-trasero-yamaha-tenere-700-negro-satinado\/#primaryimage"},"datePublished":"2021-11-08T20:07:40+00:00","dateModified":"2022-01-17T08:27:44+00:00","breadcrumb":{"@id":"https:\/\/lapoderosagoods.com\/produit\/porta-equipajes-trasero-yamaha-tenere-700-negro-satinado\/#breadcrumb"},"inLanguage":"fr-FR","potentialAction":[{"@type":"ReadAction","target":["https:\/\/lapoderosagoods.com\/produit\/porta-equipajes-trasero-yamaha-tenere-700-negro-satinado\/"]}]},{"@type":"BreadcrumbList","@id":"https:\/\/lapoderosagoods.com\/produit\/porta-equipajes-trasero-yamaha-tenere-700-negro-satinado\/#breadcrumb","itemListElement":[{"@type":"ListItem","position":1,"name":"Portada","item":"https:\/\/lapoderosagoods.com\/"},{"@type":"ListItem","position":2,"name":"Produits","item":"https:\/\/lapoderosagoods.com\/fr\/produits\/"},{"@type":"ListItem","position":3,"name":"Porta bagage noir pour Yamaha Tenere 700"}]}]}},"_links":{"self":[{"href":"https:\/\/lapoderosagoods.com\/fr\/wp-json\/wp\/v2\/product\/10202"}],"collection":[{"href":"https:\/\/lapoderosagoods.com\/fr\/wp-json\/wp\/v2\/product"}],"about":[{"href":"https:\/\/lapoderosagoods.com\/fr\/wp-json\/wp\/v2\/types\/product"}],"replies":[{"embeddable":true,"href":"https:\/\/lapoderosagoods.com\/fr\/wp-json\/wp\/v2\/comments?post=10202"}],"wp:featuredmedia":[{"embeddable":true,"href":"https:\/\/lapoderosagoods.com\/fr\/wp-json\/wp\/v2\/media\/10567"}],"wp:attachment":[{"href":"https:\/\/lapoderosagoods.com\/fr\/wp-json\/wp\/v2\/media?parent=10202"}],"wp:term":[{"taxonomy":"product_cat","embeddable":true,"href":"https:\/\/lapoderosagoods.com\/fr\/wp-json\/wp\/v2\/product_cat?post=10202"},{"taxonomy":"product_tag","embeddable":true,"href":"https:\/\/lapoderosagoods.com\/fr\/wp-json\/wp\/v2\/product_tag?post=10202"}],"curies":[{"name":"wp","href":"https:\/\/api.w.org\/{rel}","templated":true}]}}

<p>Cadre en acier au fini noir satiné pour s&rsquo;adapter aux bagages.</p>
<p>Pièce conçue pour être placée dans le cadre arrière de tout modèle Yamaha Tenere700*.</p>
<p>Finition de revêtement en poudre de haute qualité en noir satiné</p>
<p>Simple et minimal, parfait même sans bagages.</p>
<p>Structure très solide pour des charges jusqu&rsquo;à 8kg.</p>
<p>Robuste et léger également, avec un poids total inférieur à 2 kg.</p>
<p>* Compatible avec les modèles suivants :</p>
<p>Ténéré 700</p>
<p>Rallye du Ténéré 70</p>

<p>Cadre en acier au fini noir satiné pour s&rsquo;adapter aux bagages. Pièce conçue pour être placée dans le cadre arrière de tout modèle Yamaha Tenere700*. Finition de revêtement en poudre de haute qualité en noir satiné Simple et minimal, parfait même sans bagages. Structure très solide pour des charges jusqu&rsquo;à 8kg. Robuste et léger également, [&#8230;]

<!-- This site is optimized with the Yoast SEO plugin v16.8 - https://yoast.com/wordpress/plugins/seo/ -->
<title>Porta bagage noir pour Yamaha Tenere 700 - La Poderosa Goods - Sacoches de selle, bagages et accessoires de moto haut de gamme</title>
<meta name="robots" content="index, follow, max-snippet:-1, max-image-preview:large, max-video-preview:-1" />
<link rel="canonical" href="https://lapoderosagoods.com/fr/produit/porta-equipajes-trasero-yamaha-tenere-700-negro-satinado/" />
<meta property="og:locale" content="fr_FR" />
<meta property="og:type" content="article" />
<meta property="og:title" content="Porta bagage noir pour Yamaha Tenere 700 - La Poderosa Goods - Sacoches de selle, bagages et accessoires de moto haut de gamme" />
<meta property="og:description" content="Cadre en acier au fini noir satiné pour s&rsquo;adapter aux bagages. Pièce conçue pour être placée dans le cadre arrière de tout modèle Yamaha Tenere700*. Finition de revêtement en poudre de haute qualité en noir satiné Simple et minimal, parfait même sans bagages. Structure très solide pour des charges jusqu&rsquo;à 8kg. Robuste et léger également, [...]" />
<meta property="og:url" content="https://lapoderosagoods.com/produit/porta-equipajes-trasero-yamaha-tenere-700-negro-satinado/" />
<meta property="og:site_name" content="La Poderosa Goods - Sacoches de selle, bagages et accessoires de moto haut de gamme" />
<meta property="article:modified_time" content="2022-01-17T08:27:44+00:00" />
<meta property="og:image" content="https://lapoderosagoods.com/wp-content/uploads/2021/11/tenere700-rear-carrier-japan-lateral-view--scaled.jpg" />
	<meta property="og:image:width" content="2560" />
	<meta property="og:image:height" content="2560" />
<meta name="twitter:card" content="summary_large_image" />
<script type="application/ld+json" class="yoast-schema-graph">{"@context":"https://schema.org","@graph":[{"@type":"Organization","@id":"https://lapoderosagoods.com/#organization","name":"La Poderosa Classic Goods","url":"https://lapoderosagoods.com/","sameAs":[],"logo":{"@type":"ImageObject","@id":"https://lapoderosagoods.com/#logo","inLanguage":"fr-FR","url":"https://lapoderosagoods.com/wp-content/uploads/2019/10/poderosa.png","contentUrl":"https://lapoderosagoods.com/wp-content/uploads/2019/10/poderosa.png","width":290,"height":209,"caption":"La Poderosa Classic Goods"},"image":{"@id":"https://lapoderosagoods.com/#logo"}},{"@type":"WebSite","@id":"https://lapoderosagoods.com/#website","url":"https://lapoderosagoods.com/","name":"La Poderosa Goods - Sacoches de selle, bagages et accessoires de moto haut de gamme","description":"Bagages, supports, sacoches et accessoires pour les motos classiques, caf\u00e9 racer ou d'aventure. ","publisher":{"@id":"https://lapoderosagoods.com/#organization"},"potentialAction":[{"@type":"SearchAction","target":{"@type":"EntryPoint","urlTemplate":"https://lapoderosagoods.com/?s={search_term_string}"},"query-input":"required name=search_term_string"}],"inLanguage":"fr-FR"},{"@type":"ImageObject","@id":"https://lapoderosagoods.com/produit/porta-equipajes-trasero-yamaha-tenere-700-negro-satinado/#primaryimage","inLanguage":"fr-FR","url":"https://lapoderosagoods.com/wp-content/uploads/2021/11/tenere700-rear-carrier-japan-lateral-view--scaled.jpg","contentUrl":"https://lapoderosagoods.com/wp-content/uploads/2021/11/tenere700-rear-carrier-japan-lateral-view--scaled.jpg","width":2560,"height":2560},{"@type":"WebPage","@id":"https://lapoderosagoods.com/produit/porta-equipajes-trasero-yamaha-tenere-700-negro-satinado/#webpage","url":"https://lapoderosagoods.com/produit/porta-equipajes-trasero-yamaha-tenere-700-negro-satinado/","name":"Porta bagage noir pour Yamaha Tenere 700 - La Poderosa Goods - Sacoches de selle, bagages et accessoires de moto haut de gamme","isPartOf":{"@id":"https://lapoderosagoods.com/#website"},"primaryImageOfPage":{"@id":"https://lapoderosagoods.com/produit/porta-equipajes-trasero-yamaha-tenere-700-negro-satinado/#primaryimage"},"datePublished":"2021-11-08T20:07:40+00:00","dateModified":"2022-01-17T08:27:44+00:00","breadcrumb":{"@id":"https://lapoderosagoods.com/produit/porta-equipajes-trasero-yamaha-tenere-700-negro-satinado/#breadcrumb"},"inLanguage":"fr-FR","potentialAction":[{"@type":"ReadAction","target":["https://lapoderosagoods.com/produit/porta-equipajes-trasero-yamaha-tenere-700-negro-satinado/"]}]},{"@type":"BreadcrumbList","@id":"https://lapoderosagoods.com/produit/porta-equipajes-trasero-yamaha-tenere-700-negro-satinado/#breadcrumb","itemListElement":[{"@type":"ListItem","position":1,"name":"Portada","item":"https://lapoderosagoods.com/"},{"@type":"ListItem","position":2,"name":"Produits","item":"https://lapoderosagoods.com/fr/produits/"},{"@type":"ListItem","position":3,"name":"Porta bagage noir pour Yamaha Tenere 700"}]}]}</script>
<!-- / Yoast SEO plugin. -->

Cadre en acier au fini noir satiné pour s&rsquo;adapter aux bagages. Pièce conçue pour être placée dans le cadre arrière de tout modèle Yamaha Tenere700*. Finition de revêtement en poudre de haute qualité en noir satiné Simple et minimal, parfait même sans bagages. Structure très solide pour des charges jusqu&rsquo;à 8kg. Robuste et léger également, [...]

Bagages, supports, sacoches et accessoires pour les motos classiques, café racer ou d'aventure.
